t common divisor of 695 and 202092100?
695
What is the highest common divisor of 1643250 and 950?
50
What is the greatest common factor of 6380 and 52861490?
3190
What is the highest common factor of 36045174 and 20829?
393
What is the greatest common divisor of 215518 and 819406?
1094
What is the highest common factor of 1050971226 and 1374?
1374
What is the highest common divisor of 4286650 and 210?
10
What is the greatest common divisor of 1431965718 and 18?
18
What is the highest common factor of 159284556 and 324?
324
Calculate the highest common divisor of 20 and 10624590.
10
Calculate the highest common divisor of 17311 and 19579.
7
What is the greatest common divisor of 589419 and 603?
9
Calculate the greatest common factor of 165773304 and 324.
324
What is the highest common divisor of 1620 and 5508020?
20
Calculate the highest common divisor of 86176680 and 480.
120
What is the highest common divisor of 74528 and 153408?
544
Calculate the greatest common divisor of 52796 and 401464.
268
Calculate the highest common factor of 1220615274 and 444.
222
What is the highest common factor of 392 and 4865161?
49
What is the highest common factor of 5080 and 116438680?
5080
What is the greatest common factor of 6478 and 13114?
158
Calculate the highest common divisor of 2073 and 32216493.
2073
Calculate the greatest common divisor of 1920 and 21419136.
384
What is the greatest common divisor of 3008 and 331914?
94
What is the highest common divisor of 1368 and 170360631?
171
What is the highest common divisor of 1576 and 5446853?
197
Calculate the greatest common factor of 11376 and 18249237.
711
Calculate the highest common divisor of 549448 and 14878.
346
Calculate the highest common factor of 9591608 and 104.
104
What is the greatest common factor of 366481123 and 1174?
587
What is the greatest common divisor of 4243743 and 21707?
49
Calculate the greatest common factor of 343297 and 1345529.
1627
What is the highest common divisor of 761912 and 32?
8
Calculate the greatest common divisor of 189505564 and 37.
37
What is the highest common divisor of 3953531 and 11267?
593
What is the greatest common divisor of 23 and 58425796?
23
Calculate the highest common factor of 49044 and 10320.
12
Calculate the greatest common divisor of 4659632 and 1360.
272
Calculate the greatest common divisor of 3930443 and 89177.
1331
Calculate the greatest common divisor of 14104697 and 451.
41
What is the greatest common factor of 183043349 and 1597?
1597
Calculate the greatest common divisor of 46283 and 4865687.
1493
What is the highest common divisor of 55471255 and 170?
85
What is the highest common divisor of 16 and 679032552?
8
Calculate the greatest common factor of 6034963 and 99.
11
Calculate the highest common factor of 16583308 and 6748.
28
What is the greatest common divisor of 48 and 1191876?
12
What is the highest common divisor of 764978 and 76418?
38
What is the highest common divisor of 132626 and 114?
2
What is the greatest common divisor of 289660439 and 29?
29
What is the greatest common factor of 2456475 and 280?
35
What is the greatest common factor of 71623260 and 300?
60
What is the greatest common divisor of 3756 and 2886?
6
What is the greatest common divisor of 1968 and 42981?
3
Calculate the greatest common factor of 120530 and 57902.
34
Calculate the highest common factor of 2580617 and 1547.
221
Calculate the highest common divisor of 26511368 and 20280.
1352
Calculate the highest common factor of 280738 and 238.
34
What is the highest common factor of 18 and 1894106259?
9
Calculate the highest common divisor of 73 and 98176240.
73
What is the greatest common factor of 30543018 and 66?
66
What is the greatest common divisor of 307635020 and 130?
10
Calculate the highest common factor of 7230 and 4765515.
15
What is the highest common factor of 218127 and 31059?
357
Calculate the greatest common divisor of 27677 and 29356781.
2129
Calculate the greatest common divisor of 2424431 and 316.
79
Calculate the greatest common divisor of 16427618 and 8718.
2906
Calculate the highest common divisor of 432112 and 1424.
16
Calculate the highest common factor of 32690 and 129680.
10
Calculate the highest common divisor of 1969 and 5126.
11
What is the greatest common divisor of 1704 and 42429032?
568
What is the highest common factor of 653779472 and 68?
68
Calculate the greatest common factor of 19560161 and 127171.
1051
Calculate the highest common divisor of 81090980 and 1640.
20
Calculate the greatest common factor of 828 and 2424564.
36
What is the greatest common divisor of 8461985 and 490?
35
What is the greatest common factor of 17335400 and 22600?
200
What is the greatest common divisor of 28263944 and 456?
152
Calculate the greatest common divisor of 141323 and 198784.
1553
Calculate the greatest common divisor of 81 and 7023591.
81
What is the highest common factor of 857106194 and 1316?
658
What is the highest common factor of 2627 and 5304209?
37
What is the highest common divisor of 59840819 and 248?
31
What is the greatest common factor of 16 and 1619082576?
16
What is the greatest common factor of 41227307 and 1117853?
7403
Calculate the greatest common factor of 56 and 2474197208.
56
What is the highest common factor of 1840 and 20014140?
460
What is the greatest common divisor of 322542 and 8035038?
1782
What is the greatest common divisor of 74583882 and 18?
18
Calculate the greatest common divisor of 4383 and 341465894.
487
What is the greatest common divisor of 67 and 73609?
1
What is the highest common divisor of 4317 and 18006207?
4317
What is the greatest common divisor of 1544990 and 7310?
430
Calculate the greatest common divisor of 582810050 and 30.
10
Calculate the greatest common factor of 991276 and 9477.
13
What is the highest common divisor of 1241 and 396369195?
1241
What is the highest common factor of 8 and 330097388?
4
Calculate the highest common factor of 433 and 1810001486.
433
What is the highest common factor of 6864 and 131748240?
624
Calculate the highest common divisor of 4852120 and 1677.
559
Calculate the greatest common factor of 1827 and 18741627.
261
What is the greatest common divisor of 11767 and 2537918327?
11767
What is the greatest common factor of 5785 and 440633037?
1157
Calculate the highest common factor of 166196376 and 172.
172
Calculate the greatest common factor of 8 and 12565088.
8
Calculate the highest common divisor of 20136 and 52315845.
2517
Calculate the greatest common divisor of 7392746 and 18226.
1402
What is the highest common divisor of 4684 and 54764?
4
Calculate the greatest common divisor of 40 and 911209680.
40
Calculate the greatest common divisor of 75 and 4530375.
75
What is the highest common divisor of 11864309 and 555?
37
What is the greatest common divisor of 19593 and 12334882?
2177
Calculate the greatest common factor of 11 and 18793115.
11
What is the greatest common divisor of 1152 and 6001536?
384
What is the highest common factor of 27200 and 7511450?
850
Calculate the greatest common factor of 21362621 and 14.
7
Calculate the greatest common factor of 224 and 1092763.
7
What is the highest common divisor of 284 and 406176?
4
What is the greatest common factor of 10676 and 370473214?
5338
Calculate the highest common factor of 3721079 and 6103.
17
What is the greatest common factor of 1304 and 2015049032?
1304
Calculate the highest common divisor of 23361042 and 42.
6
Calculate the highest common factor of 7270424 and 211582.
1666
Calculate the highest common factor of 1487069 and 387.
43
What is the greatest common divisor of 720 and 279580?
20
Calculate the greatest common divisor of 7250 and 319150.
50
Calculate the highest common divisor of 7576272 and 6336.
1584
Calculate the highest common factor of 195 and 4740658.
13
What is the highest common factor of 233614290 and 630?
210
What is the highest common factor of 118 and 2084332648?
118
Calculate the highest common factor of 78153 and 14061.
327
Calculate the highest common divisor of 925111 and 581888.
2273
Calculate the highest common divisor of 16977035 and 1340438.
5539
Calculate the greatest common factor of 2803491 and 44202.
417
Calculate the greatest common divisor of 696 and 3012810